) = 2 + 3*f + 7*f - 6 - 13*f**2 - f**3 + 4*f. Let z be h(-14). Let p(m) = 3*m - 2*m - 2*m - 4. Calculate p(z).
0
Let n(u) = u + 12 + 5 - 6. Let i(z) = 4 - 125*z**2 - 13*z + 117*z**2 - 10 - z**3. Let o be i(-6). Give n(o).
11
Let l(s) = s. Let d(m) = m**2 - 3. Let a be d(-6). Let g(k) = -17*k + 4 - 2*k**2 + a*k - 21*k + k**3. Let y(z) = -g(z) - 4*l(z). Give y(3).
-10
Suppose 2*u - 5*v - 104 = 0, -5*u + 49*v = 48*v - 214. Let s(x) = x**2 - 87 + 48 + u. Give s(-3).
12
Let p(d) = d**3 + 9*d**2 - 7*d - 4. Let h(r) = -r**2 - 1. Let a(o) = -2*h(o) - p(o). Give a(-8).
14
Let c(v) = v**3 + v**2 - v - 1. Suppose -2*r + 1 = d - 7*r, 2*r - 14 = -2*d. Suppose -199*h + 202*h + d = 0. Give c(h).
-3
Let r(x) = -2*x + 19. Let b(h) = 19*h - 101. Let i(c) = -2*b(c) - 10*r(c). Calculate i(-5).
102
Let h(z) = 33 - 1962*z**2 + 15*z - 53 + 1963*z**2. Calculate h(-14).
-34
Let j(w) be the third derivative of 5*w**4/24 + 34*w**3/3 - 11*w**2 + 63*w. Determine j(-13).
3
Let o(r) = r**2 + 10*r + 25. Let z be o(-5). Suppose z = 3*m, -28 = -4*a - 0*a + 3*m. Let v(l) = 3*l + 4. Calculate v(a).
25
Let j(b) be the third derivative of -13*b**4/8 - 665*b**3/6 - b**2 - 1840*b - 1. Determine j(-17).
-2
Suppose -8*h + 0 = -48. Let n(r) be the second derivative of r**4/12 - 7*r**3/6 + r**2 + 340*r. What is n(h)?
-4
Suppose -13 + 3 = -5*d - 4*z, 5*d = 5*z - 35. Let n(i) be the third derivative of -35*i**2 + 0 + 0*i**3 - 1/24*i**4 - 2/15*i**5 - 2*i. What is n(d)?
-30
Let q(t) = -t**3 + 8*t**2 + 7*t + 12. Let w = 164 - 161. Suppose -54 + 21 = -4*c - w*p, 0 = 5*c - 5*p - 50. Calculate q(c).
-6
Let r(w) = 4*w - 3*w + 2 - 2*w. Suppose 23*k - 93 = 68. Determine r(k).
-5
Let o(m) be the third derivative of -m**5/60 + m**4/24 + 3*m**3 - 9*m**2. Let a(x) = 12*x - 664. Let g be a(55). Determine o(g).
-2
Let d(s) = -2*s**3 + 2*s**2 - s + 3. Let n(f) = 4 + 7*f - f**3 - 3 + 10*f - 16*f. Let b(y) = -d(y) + 3*n(y). What is b(-3)?
-3
Suppose 24*p + 82 = 22*p. Let a = -23 - p. Suppose 9*m - 12*m - a = 0. Let y(s) = -2*s - 7. Give y(m).
5
Let d(y) = y**3 + y**2 - 8*y. Suppose -88 = -81*v + 103*v. What is d(v)?
-16
Let o(x) = -x**2 - 9*x + 1. Let p = 376 + -184. Let c = 182 - p. Determine o(c).
-9
Let q(p) = -1 + 2*p + 94*p**2 - 6*p**3 - 92*p**2 - 2. Let c(o) = o + 13. Let b be c(-11). Give q(b).
-39
Let h(z) = 5*z + 97. Let u(l) = -16*l - 191. Let r(w) = -5*h(w) - 3*u(w). Give r(-4).
-4
Let d(g) = 4*g**2 - 11*g + 20. Suppose 17*v - 582 = -80*v. Determine d(v).
98
Let s(r) = -3*r**2 + 21*r - 5. Let o(u) = 76*u + 2895. Let f be o(-38). What is s(f)?
-5
Let z(u) = 4*u - 6 - 2*u + u + 7*u - 6*u. Calculate z(5).
14
Let b(w) = -129*w + 51. Let x(r) = -145*r + 52. Let c(y) = -9*b(y) + 8*x(y). What is c(24)?
-19
Let u(m) = -m**3 + 8*m**2 - m - 4. Let g be 4976/32*(-2)/(-1). Let j = 319 - g. Determine u(j).
-12
Let o(s) be the second derivative of -s**4/12 - 2*s**3/3 + 2*s**2 + 2*s. Let g = -329 - -449. Let u = -125 + g. Calculate o(u).
-1
Let l(j) = -j**2 - j - 2. Let g(q) be the second derivative of 12*q + 1/2*q**2 + 0*q**4 + 1/3*q**3 + 0 - 3/20*q**5. Let c be g(-1). Determine l(c).
-8
Let w(z) = -z**2 + 1. Let r(b) = -6*b**2 - 7*b. Let t(i) = -r(i) + 5*w(i). Let x = 96 + -101. Give t(x).
-5
Let n(d) = 2*d - 31. Suppose -9 = 4*g + 3*b, 0 = 2*g - 3*b + 3 - 12. Give n(g).
-31
Let y(p) = -p**2 - 4*p + 21. Let m(d) = -6*d + 47. Let s be ((-24)/(-40))/(4/60). Let h be m(s). What is y(h)?
0
Let u be 10/(-4)*(30 - 32). Suppose 8*w = 7*w - 3*n + 12, -2*w = u*n - 21. Let f(o) = 1 + 3*o - 2*o**2 - 1. Calculate f(w).
-9
Suppose 4*x + 32 = -3*j, 5*x + 17 = -5*j + 7*j. Let b(w) = 3*w**2 + 2*w + 1. Calculate b(j).
41
Let s(m) = 1455 + m**2 + 1442 - 4*m - 5817 + 1453 + 1456. Calculate s(9).
34
Let v be 14 + -15 + 12*1. Let d(r) = -1 - 61*r**2 - v*r + r**3 - 2*r**3 + 32*r**2 + 41*r**2. Calculate d(11).
-1
Let i(k) = 94*k**3 + 313*k**2 + 181*k - 282. Let m(c) = -10*c**3 - 35*c**2 - 20*c + 31. Let g(p) = -2*i(p) - 19*m(p). What is g(-19)?
-6
Suppose 0 = 3*v - 35 + 14. Suppose 8*w - v = 17. Suppose t + t - w*z - 7 = 0, -t - 3 = 5*z. Let y(s) = -5*s + 1. What is y(t)?
-9
Let y(l) = 18*l - 57. Let r be y(3). Let d(h) = -7*h - 16. Determine d(r).
5
Let u = 41 - 26. Let p(i) = 0*i + u + 4*i - 2*i - 3*i. What is p(13)?
2
Let n be (-28)/6*(-1899)/422. Let c(v) = -3*v**2 + 63*v + 8. Determine c(n).
8
Let l(g) = 2*g + 5*g + 11*g + 3 - 27*g + 11*g. Let x = -27 - -50. Let d = 19 - x. Determine l(d).
-5
Let j be ((-4)/3)/(20/(-45)). Let m(a) = -4*a - 3*a**2 + 0*a**2 + 0*a**2 + 9*a**2 - 7 - a**j. Suppose 21 = 5*v - 2*n, -v = 4*v + 2*n - 29. Determine m(v).
-2
Let m(f) = f - 6. Let g(o) = -39*o - 444. Let y be g(-12). Suppose v - 2*l = -3*v + 56, 3*l = -3*v + y. What is m(v)?
6
Let z(g) be the third derivative of -g**5/60 - 11*g**4/24 - 2*g**3/3 + 1081*g**2. What is z(-6)?
26
Let i(k) = -5*k**3 + 14*k**2 + 2*k - 20. Let j(a) = -4*a**3 + 11*a**2 + 2*a - 18. Let f(z) = 5*i(z) - 6*j(z). Give f(4).
0
Let n(i) = 3*i**2 + 4*i + 5. Let v(j) = 10*j**2 + 11*j + 15. Let t(a) = -7*n(a) + 2*v(a). Let u(l) = 451*l - 234*l - 231*l - 61. Let b be u(-4). Determine t(b).
0
Let a(g) = g**2 + 5*g + 1. Let h(y) = -2*y**2 - 86*y + 85. Let w be h(-44). Calculate a(w).
-5
Let o(k) = 7*k - 11. Let s(v) = 15*v - 23. Let y(b) = 13*o(b) - 6*s(b). Let x(a) = a - 7. Let m be x(9). Suppose m*t = 3*t + 2, 0 = -3*w + 2*t + 19. Give y(w).
0
Let l = 4572 - 4557. Let d(z) = z**2 - 17*z + 14. What is d(l)?
-16
Let b(g) = g**3 - 5*g**2 - 2*g + 15. Let d be (-44)/(-7) + 14*(-50)/2450. Give b(d).
39
Let k(r) be the third derivative of r**5/120 - 11*r**4/24 + 5*r**3 + 14*r**2. Let z(i) be the first derivative of k(i). Let u = 14 + -6. Determine z(u).
-3
Suppose -16 = o + 5*k, 2*o + 7*k - 5*k + 8 = 0. Let u(w) = 67*w - 30*w + 16*w**2 - 36*w. What is u(o)?
15
Suppose 33*d + 10 = 38*d. Suppose 13 = -v + d*r, -2*r - 15 = v + 2*v. Let l(n) = -2*n - 10. Determine l(v).
4
Let d(l) = 25*l + 398. Let u(x) = -100*x - 1690. Let h(y) = 9*d(y) + 2*u(y). Calculate h(-7).
27
Let r(d) be the first derivative of -d**2 + 1 - 1/6*d**3 + 1/12*d**4 + 0*d + 1/15*d**5. Let z(l) be the second derivative of r(l). Determine z(1).
5
Let m(u) = u - 6. Suppose -f + 191 = 2*f - 4*b, -5*b - 139 = -2*f. Let n(k) = -154*k + 566. Let v be n(4). Let q = f + v. Determine m(q).
1
Let c(d) = -3*d**2 - d + 4. Let h(i) = -54*i + 807. Let u be h(15). Determine c(u).
-20
Let z(m) = -m**2 + 31*m + 471. Let c be z(-11). Let k(t) = -t**2 + 6*t + 20. Give k(c).
-7
Suppose -66*a + 91 - 544 - 141 = 0. Let m(c) = -c**2 - 21*c - 91. What is m(a)?
17
Suppose 404*z - 388*z = 80. Let g(p) = -3*p + 18. Calculate g(z).
3
Let x(a) = -a**2 - 9*a - 11. Let d(i) = i**3 - 5*i**2 - 110*i + 618. Let f be d(6). Give x(f).
7
Suppose 5*l = -q + 59, -2*q + q = 4*l - 47. Let t be -1*56/21*(-45)/l. Let n(p) = p - 5. What is n(t)?
5
Let v = 14777 - 14789. Let o(a) = -2*a**2 - 13*a + 133. Calculate o(v).
1
Let o(f) = 4*f**2 - 11*f - 175. Let j(x) = x**2 - 2*x + 2. Let c(u) = -5*j(u) + o(u). Calculate c(0).
-185
Let j(u) = -14*u**2 - 10*u**2 + 34*u**2 + u**3 - u - 19*u**2 + 9 - 18*u**2. Determine j(27).
-18
Let k(t) be the first derivative of 3*t**4/4 + t**3/6 + 38*t - 85. Let h(w) be the first derivative of k(w). Calculate h(-1).
8
Suppose 51 = 4*t + 3*k, 4*k = 3*t + 2*k - 34. Let x(o) = -13*o + 0 + 6*o - 6 - o + 9*o. What is x(t)?
6
Let i = 76 + -154. Let o = i - -37. Let c = o + 40. Let h(g) = 15*g**2 + 2*g + 1. Give h(c).
14
Suppose -29*y + 30 - 88 = 0. Let j(f) = 4*f**3 - 8*f**3 + 2*f**2 + 2 - f**2 + 5*f**3 + 2*f. Determine j(y).
-6
Let k(d) = -16*d**2 + 4*d + 3. Let t be 2*(-4 + (-28)/(-6))*(-12)/16. Calculate k(t).
-17
Let f(x) = -x**2 - x + 5. Suppose -9*o + 14 = -76. Suppose -5*p - o = -2*t - 30, -4*t - p - 18 = 0. What is f(t)?
-15
Suppose 0 = 3*h - 6, 3*h + h = -5*j + 13. Let x = -52 + 55. Let k(c) = 2*c**2 - c - c**3 + 0*c**2 + 2*c**3 - 6*c**x. Give k(j).
-4
Let o be (-1)/3 + (-204)/(-18). Let w(a) = -a + 3 - o + 2*a. Suppose 0 = 640*f - 632*f - 48. Give w(f).
-2
Let u = -128 + 272. Let q(g) = g**3 + 145 + g**2 - 288 + 3*g - 4*g + u. Suppose 0*f = -4*f + 16, 4*m - f = -12. Determine q(m).
-1
Let t(w) = -14*w**3 + 3*w**2 + 2*w + 5. Let c(a) = -2*a**3 + a**2 + a + 2. Let g(j) = 6*c(j) - 2*t(j). Calculate g(-1).
-16
Suppose -2*a + 43